 common factor of 30 and r.
10
Suppose -3*a - 219 = -3*x, -x + 142 = -2*a + 3*x. Let h be ((-40)/12)/(2/a). Calculate the highest common divisor of h and 25.
25
Suppose 0 = a + 5, 4*x - 5*a + 2*a - 47 = 0. Calculate the highest common divisor of 56 and x.
8
Let p = -9 - -13. Suppose -p = -2*x - 0. Calculate the highest common factor of 18 and x.
2
Let s = 17 + -29. Let i be -1 + (-2)/(4/(-38)). Let f = i + s. Calculate the highest common factor of f and 30.
6
Let o(u) = 8*u**2 + 5*u - 2. Let n be o(-3). What is the greatest common divisor of 33 and n?
11
Suppose 0*b + 88 = b. Let r = -16 + 27. What is the greatest common divisor of b and r?
11
Let a(m) = 2*m**2 + 5*m - 19. Let t be a(-5). Calculate the highest common divisor of 150 and t.
6
Let u(r) = 3*r + 8. Let z be u(-7). Let i = -3 - z. What is the greatest common factor of 90 and i?
10
Let q(d) = -2*d - 4 - d + 6*d - 2*d. Let h be q(7). Calculate the highest common factor of h and 18.
3
Let i(k) = k**3 - k**2 - k + 17. Let w be i(0). Let j = 20 - w. Calculate the highest common factor of j and 9.
3
Suppose -39 = 4*c - 99. Suppose -c - 17 = -4*t. What is the greatest common divisor of t and 4?
4
Suppose -51 = -3*t - 6. Calculate the greatest common factor of t and 6.
3
Suppose -x = -1, -347 = -4*a - 0*x + x. Calculate the highest common factor of 58 and a.
29
Suppose -2*s = -0*p - 4*p - 392, 5*p = -2*s + 365. What is the greatest common divisor of 38 and s?
38
Let p = -101 + 107. What is the highest common divisor of 4 and p?
2
Suppose 0 = 4*k + 4*s + 16, -4*k + 5*s + 26 = -3*k. Let m be 2/4 + (-17)/(-2). What is the highest common divisor of m and k?
1
Let i be -2 - 3/((-6)/(-10)). Let y = 1 - i. Calculate the greatest common divisor of y and 4.
4
Let r = 186 + -98. Calculate the highest common factor of r and 22.
22
Let l be (-2 - -4)*1*6. What is the highest common factor of 84 and l?
12
Let m(s) = -5*s + 42. Let h be m(8). What is the greatest common divisor of 5 and h?
1
Let z(h) = h**3 + 7*h**2 - h - 7. Let t be z(-5). What is the greatest common divisor of 12 and t?
12
Suppose -5*u - 1220 - 550 = 0. Let k be 5/(-10) + u/(-4). Suppose b - k = -b. Calculate the greatest common factor of b and 4.
4
Let d be (15 - (-2)/(-2)) + 0. Suppose 2*f + l = -2*f + 338, -4*l = -5*f + 412. Calculate the greatest common factor of f and d.
14
Suppose 4*u + 2*t - 44 = 0, 5*t = 3*u - 0*t - 7. Suppose -m = -10 + u. Calculate the highest common factor of m and 1.
1
Suppose -2*v = -6*v + 416. Suppose 3*h - v = -h. Suppose 3*b + w - 10 = -4*w, -h = -5*b + w. What is the highest common factor of b and 1?
1
Let f(t) = 5*t - 6. Let g(v) = -v**3 + 8*v**2 + 10*v - 3. Let y be g(9). Let c be f(y). What is the greatest common divisor of 96 and c?
24
Let g be 0/(-2*(-6)/(-4)). Suppose g = 4*v - 8*v + 12. What is the highest common divisor of 12 and v?
3
Let j be (-6 + 304/4)*3/2. What is the greatest common factor of 21 and j?
21
Let a be ((-2)/(-6))/(1/69). Let h = 55 - a. Calculate the highest common divisor of h and 8.
8
Let p be (4 - 5)/(2/(-8)). Suppose -3*m - 2*m = -u - 24, 4 = p*u. Calculate the highest common factor of m and 40.
5
Let n(s) = 4*s + 1. Let y be n(8). Suppose -y - 15 = -4*a. Suppose 2*w + 3*w - 90 = 0. Calculate the highest common factor of w and a.
6
Let z be (((-49)/21)/(-7))/(2/126). What is the greatest common factor of z and 168?
21
Suppose 5 - 25 = -4*n. Suppose -2*f - 3*i = -23, -n*f + 41 = 5*i - 14. Let r = 2 + 68. Calculate the greatest common factor of f and r.
10
Let r(o) = o + 29. Let w be r(-24). What is the highest common divisor of w and 115?
5
Let s(l) = l**2 - 2*l - 7. Let h be s(5). What is the highest common factor of h and 72?
8
Suppose 5*r - 76 = r. What is the greatest common factor of r and 171?
19
Let m(p) = -p**2 - 7*p - 7. Suppose 28 = -5*z - 2. Let h be m(z). Let b be 0 - 1 - 53/h. What is the highest common factor of b and 13?
13
Let m be 0 - 3*(-4)/6. Suppose 3*w = -4*s - 1, -6*w = -w - 5*s + 25. Let k be (0 - 3)*18/w. Calculate the highest common factor of k and m.
2
Let f be (-1)/(7 + -4) - 4/(-3). Calculate the highest common divisor of f and 4.
1
Suppose 0 = g - 4*g - 222. Let k = -26 - g. Calculate the greatest common divisor of 16 and k.
16
Let r = -4 - -14. Calculate the greatest common divisor of 15 and r.
5
Let r be (-6 - -3)*(-44)/6. Suppose 2*l - 1 - 21 = 0. Calculate the highest common factor of r and l.
11
Let z be (-3)/((-12)/(-16))*196/(-16). What is the highest common divisor of 7 and z?
7
Suppose h - 5*l + 10 + 0 = 0, -2*h - 5*l = -55. What is the greatest common factor of h and 5?
5
Let b = -32 - -37. What is the highest common divisor of b and 20?
5
Suppose -66 = 3*w - 6*w. Let o be 1915/35 - (-2)/7. Calculate the highest common factor of o and w.
11
Suppose -2*o + 5*r = -4, -3*o + 6*o = -4*r + 6. Suppose -5*g = o*h - 53, -g - 64 = -4*h + 3*g. What is the highest common factor of h and 152?
19
Let d be (-18)/(-2) - (-1 - -1). Suppose 3*l + 7 = 4*o, 2*o + 0 = 3*l - 1. What is the highest common divisor of l and d?
3
Let f = 109 + -99. Calculate the highest common divisor of f and 90.
10
Let h = -36 - -61. Suppose -5*l + 10*l = -5*v + h, -5*v - 3*l + 15 = 0. Suppose 5*f + v*f = 100. Calculate the highest common divisor of f and 50.
10
Let r(o) = o**2 + o - 2. Let j be r(2). Suppose -2*b + 33 + 23 = 0. What is the greatest common factor of b and j?
4
Suppose 4*h + 21 + 63 = -4*b, -5*h - 115 = 3*b. Let n = h + 48. Suppose 2*k + n = 3*k. What is the greatest common factor of k and 33?
11
Suppose -10*a + 112 = 22. What is the greatest common divisor of 6 and a?
3
Suppose -1025 = -4*f + w, 3*w = -3*f + 1067 - 302. What is the highest common factor of f and 16?
16
Let p be 48/10 + (-1)/(-5). Suppose -p*l + z + 0*z = -75, -5*l + 5*z + 55 = 0. Suppose 5*c - 594 = 46. Calculate the greatest common divisor of c and l.
16
Let k(i) = i**2 - 15*i - 14. Let z be k(14). Let r be (-8)/z + 346/14. Calculate the highest common factor of 100 and r.
25
Let z(d) = 3*d**2 + 3*d. Let m be z(-2). Let c be m/(0 + (1 - 0)). Calculate the greatest common divisor of c and 9.
3
Let g = -6 - 1. Let x(v) = v**3 + 8*v**2 + v - 2. Let u be x(g). What is the greatest common factor of 8 and u?
8
Let s be (15/3)/(2 - 3). Let x be (s - -2) + 87 + 3. Calculate the highest common factor of x and 58.
29
Let q = 85 - -50. What is the greatest common factor of q and 15?
15
Let r(s) be the third derivative of -7*s**4/24 + 5*s**3/6 - 7*s**2. Let w be r(-5). Calculate the greatest common divisor of 10 and w.
10
Let s be 0 - (-4)/(8/6). Calculate the highest common divisor of s and 30.
3
Let u be 8 + -3 + 2 - 1*-3. Let d(m) = -70*m**3. Let a be d(-1). What is the greatest common divisor of a and u?
10
Suppose 2*v = -0*v. Let j = -1 - 0. Let u = v - j. What is the greatest common factor of 2 and u?
1
Let r = 23 - 19. Suppose c = t + 10, -5 + 27 = r*c + 5*t. What is the highest common factor of 20 and c?
4
Let f be (0 - (-21)/(-4))/((-70)/(-2520)). Let c(n) = -n**3 - 8*n**2 + 2*n - 5. Let p be c(-6). Let d = p - f. Calculate the greatest common factor of 20 and d.
20
Suppose 7*n + 2*o - 80 = 2*n, 5*n + 3*o - 80 = 0. Calculate the greatest common factor of n and 32.
16
Let o = -18 + 32. Suppose w + w = -5*g + 125, -4*w + 295 = -5*g. Let l be (0 - w/(-3))*3. What is the greatest common factor of o and l?
14
Let w = 19 + -12. Suppose 8*n - 3*n = 15. Suppose -y + 5*l = -n, -y + 0*l + 43 = 3*l. Calculate the highest common divisor of y and w.
7
Suppose 166 = -d + 177. What is the greatest common divisor of d and 99?
11
Suppose 17*x - 16*x = 93. What is the highest common divisor of x and 31?
31
Suppose 3*n = 3*u + 55 + 17, 3*n - 44 = -4*u. Suppose 89 = -5*q + 339. Calculate the greatest common divisor of n and q.
10
Suppose -5*k = 4 + 1. Let j be (1 - (-4 - k)) + -3. Calculate the highest common factor of 1 and j.
1
Suppose -2*y - 3*s + 115 = 20, s = -y + 45. Calculate the greatest common factor of y and 16.
8
Suppose 103 + 32 = 5*z. Let w = z - 12. Calculate the highest common divisor of 165 and w.
15
Suppose 9*s - 5*s = -36. Let t be s - -8 - 51/(-1). What is the greatest common factor of t and 20?
10
Let y(f) = -f**2 - 8*f - 4. Let s be 6/(-24) - 15/4. Let z be y(s). Calculate the highest c